 base 13?
-6
Convert -1012 (base 4) to base 15.
-4a
-52 (base 7) to base 8
-45
Convert -1 (base 15) to base 13.
-1
3a (base 13) to base 5
144
What is -32 (base 5) in base 13?
-14
Convert 5 (base 8) to base 14.
5
Convert 1 (base 9) to base 15.
1
10 (base 2) to base 5
2
Convert -2210 (base 3) to base 9.
-83
What is 6 (base 10) in base 6?
10
-123 (base 4) to base 8
-33
What is 3 (base 15) in base 14?
3
4 (base 12) to base 14
4
51 (base 13) to base 8
102
Convert -15 (base 6) to base 13.
-b
Convert 17 (base 14) to base 16.
15
What is -10100 (base 3) in base 8?
-132
What is 1 (base 10) in base 3?
1
24 (base 5) to base 13
11
Convert 4 (base 5) to base 6.
4
What is 110 (base 5) in base 3?
1010
Convert 16 (base 7) to base 16.
d
What is -1b7 (base 12) in base 16?
-11b
Convert -12000 (base 3) to base 11.
-113
12 (base 15) to base 4
101
What is 2002 (base 3) in base 7?
110
2 (base 12) to base 16
2
-2223 (base 5) to base 8
-471
What is -3 (base 6) in base 14?
-3
-70 (base 13) to base 12
-77
What is -2 (base 16) in base 14?
-2
What is -4 (base 14) in base 6?
-4
What is 8 (base 12) in base 9?
8
Convert 1110101 (base 2) to base 3.
11100
-1 (base 15) to base 4
-1
Convert -3 (base 12) to base 13.
-3
7 (base 12) to base 11
7
5 (base 9) to base 8
5
What is 2 (base 4) in base 9?
2
50 (base 10) to base 3
1212
-14 (base 9) to base 7
-16
What is -3 (base 8) in base 14?
-3
20 (base 6) to base 15
c
1300 (base 5) to base 16
c8
Convert 123 (base 7) to base 2.
1000010
Convert 4 (base 10) to base 8.
4
What is -8 (base 11) in base 3?
-22
What is -22 (base 3) in base 11?
-8
What is -17 (base 16) in base 4?
-113
3 (base 11) to base 13
3
What is -140 (base 13) in base 11?
-191
Convert 5e (base 15) to base 8.
131
Convert -13 (base 10) to base 12.
-11
1 (base 8) to base 11
1
1 (base 5) to base 15
1
12 (base 12) to base 4
32
Convert -6 (base 12) to base 7.
-6
Convert 2 (base 12) to base 11.
2
Convert 73 (base 12) to base 10.
87
-331 (base 6) to base 3
-11201
10 (base 4) to base 15
4
What is 70 (base 14) in base 6?
242
-91 (base 14) to base 2
-1111111
Convert -2 (base 7) to base 14.
-2
What is 110 (base 3) in base 13?
c
-111 (base 2) to base 3
-21
What is 10111 (base 2) in base 9?
25
What is 17 (base 11) in base 5?
33
-82 (base 12) to base 15
-68
1010 (base 2) to base 14
a
-8 (base 9) to base 12
-8
15 (base 6) to base 3
102
304 (base 5) to base 15
54
What is 17 (base 8) in base 15?
10
Convert -3a (base 12) to base 5.
-141
Convert -4 (base 12) to base 8.
-4
What is 140 (base 8) in base 7?
165
26 (base 8) to base 6
34
What is -bc (base 14) in base 5?
-1131
What is 1 (base 3) in base 6?
1
What is 2 (base 15) in base 5?
2
What is -5 (base 9) in base 6?
-5
What is 3 (base 8) in base 6?
3
What is -10 (base 2) in base 13?
-2
What is 67 (base 12) in base 7?
142
What is -14a (base 11) in base 13?
-106
21 (base 5) to base 16
b
What is -3 (base 4) in base 7?
-3
-50 (base 8) to base 3
-1111
Convert -1 (base 7) to base 15.
-1
What is -6 (base 15) in base 16?
-6
3 (base 10) to base 13
3
31 (base 11) to base 12
2a
What is -22 (base 4) in base 11?
-a
-15 (base 11) to base 12
-14
What is 100101111 (base 2) in base 4?
10233
Convert 146 (base 8) to base 3.
10210
What is -132 (base 12) in base 13?
-110
-13 (base 7) to base 3
-101
What is 7c (base 15) in base 6?
313
What is 0 (base 10) in base 2?
0
Convert -1 (base 16) to base 2.
-1
What is 302 (base 8) in base 16?
c2
10 (base 2) to base 12
2
-28 (base 13) to base 14
-26
Convert 20 (base 3) to base 7.
6
-a (base 12) to base 15
-a
-12 (base 4) to base 9
-6
Convert -12 (base 10) to base 8.
-14
-1e (base 15) to base 8
-35
-1 (base 2) to base 7
-1
-2 (base 15) to base 8
-2
Convert -632 (base 7) to base 4.
-10331
Convert -3 (base 13) to base 11.
-3
Convert 56 (base 16) to base 4.
1112
Convert -164 (base 8) to base 16.
-74
What is 231 (base 9) in base 16?
be
Convert -21 (base 8) to base 11.
-16
-4 (base 15) to base 13
-4
Convert -165 (base 7) to base 16.
-60
What is 0 (base 7) in base 14?
0
Convert -45 (base 8) to base 6.
-101
Convert 101100110 (base 2) to base 11.
2a6
Convert -4 (base 16) to base 10.
-4
-3 (base 11) to base 3
-10
43 (base 5) to base 10
23
Convert -110 (base 5) to base 13.
-24
What is 11 (base 5) in base 9?
6
What is -149 (base 12) in base 6?
-533
Convert 1 (base 15) to base 13.
1
What is 1 (base 10) in base 4?
1
0 (base 10) to base 14
0
Convert -75 (base 8) to base 5.
-221
What is -41 (base 6) in base 15?
-1a
Convert -1 (base 2) to base 4.
-1
Convert -94 (base 10) to base 11.
-86
Convert 0 (base 14) to base 6.
0
What is 5 (base 9) in base 2?
101
Convert 0 (base 15) to base 7.
0
What is -111110 (base 2) in base 10?
-62
Convert -34 (base 5) to base 2.
-10011
-1 (base 4) to base 14
-1
11101 (base 2) to base 3
1002
Convert 8 (base 9) to base 8.
10
34 (base 9) to base 11
29
What is a (base 15) in base 16?
a
Convert -10 (base 4) to base 3.
-11
5b (base 13) to base 10
76
Convert 1 (base 5) to base 10.
1
Convert 3 (base 13) to base 5.
3
What is 3 (base 7) in base 15?
3
Convert 56 (base 12) to base 8.
102
What is 12 (base 4) in base 10?
6
What is -4 (base 11) in base 15?
-4
-93 (base 15) to base 7
-255
-1010 (base 2) to base 4
-22
What is -61 (base 9) in base 12?
-47
What is 3 (base 10) in base 11?
3
What is 7 (base 16) in base 3?
21
Convert 17 (base 13) to base 9.
22
Convert 9c (base 13) to base 12.
a9
-15 (base 12) to base 6
-25
Convert -13 (base 8) to base 10.
-11
Convert 33 (base 5) to base 7.
24
3 (base 14) to base 8
3
What is -1 (base 15) in base 13?
-1
-1 (base 13) to base 4
-1
-211 (base 9) to base 7
-334
Convert -9 (base 13) to base 3.
-100
What is -1 (base 9) in base 4?
-1
Convert 2 (base 6) to base 3.
2
What is 0 (base 16) in base 4?
0
What is 10 (base 5) in base 8?
5
What is 0 (base 11) in base 2?
0
Convert -2 (base 8) to base 4.
-2
-12 (base 12) to base 16
-e
What is -3 (base 12) in base 4?
-3
Convert -202 (base 3) to base 13.
-17
Convert -56 (base 8) to base 11.
-42
What is -100 (base 2) in base 7?
-4
-35 (base 13) to base 15
-2e
Convert 42 (base 8) to base 5.
114
25 (base 7) to base 2
10011
1011111 (base 2) to base 8
137
What is 10 (base 7) in base 9?
7
Convert 2 (base 12) to base 15.
2
Convert 9 (base 13) to base 4.
21
402 (base 5) to base 9
123
Convert 7 (base 15) to base 6.
11
Convert -5 (base 9) to base 5.
-10
Convert 11 (base 4) to base 6.
5
-13 (base 6) to base 11
-9
What is 22 (base 8) in base 6?
30
What is 1 (base 12) in base 6?
1
Convert 10 (base 13) to base 12.
11
110 (base 2) to base 10
6
What is -6 (base 12) in base 9?
-6
13 (base 6) to base 11
9
-b6 (base 12) to base 2
-10001010
What is -10 (base 4) in base 15?
-4
2 (base 10) to base 6
2
What is 2 (base 7) in base 16?
2
Convert -214 (base 5) to base 4.
-323
What is -14 (base 6) in base 11?
-a
Convert -20 (base 3) to base 2.
-110
6 (base 14) to base 5
11
Convert -11 (base 2) to base 16.
-3
-3 (base 10) to base 15
-3
Convert 0 (base 8) to base 14.
0
What is -41 (base 6) in base 10?
-25
-313 (base 4) to base 6
-131
Convert 351 (base 6) to base 8.
213
7 (base 12) to base 6
11
What is -3 (base 10) in base 5?
-3
Convert 7 (base 9) to base 14.
7
-21 (base 7) to base 14
-11
What is -ab (base 16) in base 14?
-c3
-1 (base 9) to base 16
-1
What is 9 (base 10) in base 14?
9
Convert -7 (base 13) to base 8.
-7
-32 (base 11) to base 12
-2b
What is -9 (base 14) in base 11?
-9
46 (base 10) to base 8
56
Convert 1a (base 13) to base 4.
113
-1d (base 14) to base 10
-27
Convert 155 (base 6) to base 12.
5b
What is 7 (base 9) in base 4?
13
What is -31 (base 8) in base 12?
-21
What is -17 (base 16) in base 11?
-21
4 (base 15) to base 14
4
Convert 2 (base 8) to base 5.
2
-56 (base 15) to base 11
-74
-169 (base 16) to base 13
-21a
Convert -37 (base 11) to base 3.
-1111
-4 (base 14) to base 3
-11
Convert -7b (base 15) to base 4.
-1310
Convert a3 (base 11) to base 14.
81
What is 8 (base 13) in base 9?
8
Convert a9 (base 16) to base 15.
b4
Convert 343 (base 5) to base 8.
142
Convert -3 (base 5) to base 11.
-3
0 (base 5) to base 2
0
What is -15 (base 11) in base 6?
-24
What is 2 (base 11) in base 4?
2
What is 21 (base 4) in base 8?
11
What is 115 (base 7) in base 15?
41
7e (base 15) to base 7
230
-2 (base 15) to base 9
-2
What is -21120 (base 3) in base 12?
-150
Convert -2 (base 14) to base 10.
